{"id":54,"date":"2020-09-07T08:21:20","date_gmt":"2020-09-07T08:21:20","guid":{"rendered":"http:\/\/tecnicodeheladerasenlaplata.com.ar\/web\/?page_id=54"},"modified":"2020-09-07T08:21:21","modified_gmt":"2020-09-07T08:21:21","slug":"aire-acondicionado","status":"publish","type":"page","link":"https:\/\/tecnicodeheladerasenlaplata.com.ar\/web\/index.php\/aire-acondicionado\/","title":{"rendered":"Aire acondicionado"},"content":{"rendered":"\n<figure class=\"wp-block-image size-large\"><img loading=\"lazy\" decoding=\"async\" width=\"920\" height=\"371\" src=\"https:\/\/tecnicodeheladerasenlaplata.com.ar\/web\/wp-content\/uploads\/2020\/09\/196-1968553_aire-acondicionado-png-flat-panel-display.jpg\" alt=\"\" class=\"wp-image-55\" srcset=\"https:\/\/tecnicodeheladerasenlaplata.com.ar\/web\/wp-content\/uploads\/2020\/09\/196-1968553_aire-acondicionado-png-flat-panel-display.jpg 920w, https:\/\/tecnicodeheladerasenlaplata.com.ar\/web\/wp-content\/uploads\/2020\/09\/196-1968553_aire-acondicionado-png-flat-panel-display-300x121.jpg 300w, https:\/\/tecnicodeheladerasenlaplata.com.ar\/web\/wp-content\/uploads\/2020\/09\/196-1968553_aire-acondicionado-png-flat-panel-display-768x310.jpg 768w\" sizes=\"auto, (max-width: 706px) 89vw, (max-width: 767px) 82vw, 740px\" \/><\/figure>\n\n\n\n<p class=\"wp-block-paragraph\">Instalaci\u00f3n y reparaci\u00f3n de equipos de aire acondicionado.<br><br>Realizamos Instalaciones y reparaciones de todo tipo, recargas, b\u00fasqueda de p\u00e9rdida, cambio de capacitores, cambio de motor, limpieza de filtros y servicio de mantenimiento integral, recambio de plaquetas electr\u00f3nicas. Tambi\u00e9n reparamos e instalamos equipos de aire acondicionado tradicionales o con tecnolog\u00eda \u201cinverter&#8221;. Para ello disponemos de todas las herramientas necesarias, realizando un trabajo responsable y brindando una garant\u00eda de instalaci\u00f3n de un a\u00f1o.<br><\/p>\n","protected":false},"excerpt":{"rendered":"<p>Instalaci\u00f3n y reparaci\u00f3n de equipos de aire acondicionado. Realizamos Instalaciones y reparaciones de todo tipo, recargas, b\u00fasqueda de p\u00e9rdida, cambio de capacitores, cambio de motor, limpieza de filtros y servicio de mantenimiento integral, recambio de plaquetas electr\u00f3nicas. Tambi\u00e9n reparamos e instalamos equipos de aire acondicionado tradicionales o con tecnolog\u00eda \u201cinverter&#8221;. Para ello disponemos de todas &hellip; <\/p>\n<p class=\"link-more\"><a href=\"https:\/\/tecnicodeheladerasenlaplata.com.ar\/web\/index.php\/aire-acondicionado\/\" class=\"more-link\">Continue reading<span class=\"screen-reader-text\"> &#8220;Aire acondicionado&#8221;<\/span><\/a><\/p>\n","protected":false},"author":1,"featured_media":0,"parent":0,"menu_order":0,"comment_status":"closed","ping_status":"closed","template":"","meta":{"_crdt_document":"","footnotes":""},"class_list":["post-54","page","type-page","status-publish","hentry"],"_links":{"self":[{"href":"https:\/\/tecnicodeheladerasenlaplata.com.ar\/web\/index.php\/wp-json\/wp\/v2\/pages\/54","targetHints":{"allow":["GET"]}}],"collection":[{"href":"https:\/\/tecnicodeheladerasenlaplata.com.ar\/web\/index.php\/wp-json\/wp\/v2\/pages"}],"about":[{"href":"https:\/\/tecnicodeheladerasenlaplata.com.ar\/web\/index.php\/wp-json\/wp\/v2\/types\/page"}],"author":[{"embeddable":true,"href":"https:\/\/tecnicodeheladerasenlaplata.com.ar\/web\/index.php\/wp-json\/wp\/v2\/users\/1"}],"replies":[{"embeddable":true,"href":"https:\/\/tecnicodeheladerasenlaplata.com.ar\/web\/index.php\/wp-json\/wp\/v2\/comments?post=54"}],"version-history":[{"count":1,"href":"https:\/\/tecnicodeheladerasenlaplata.com.ar\/web\/index.php\/wp-json\/wp\/v2\/pages\/54\/revisions"}],"predecessor-version":[{"id":57,"href":"https:\/\/tecnicodeheladerasenlaplata.com.ar\/web\/index.php\/wp-json\/wp\/v2\/pages\/54\/revisions\/57"}],"wp:attachment":[{"href":"https:\/\/tecnicodeheladerasenlaplata.com.ar\/web\/index.php\/wp-json\/wp\/v2\/media?parent=54"}],"curies":[{"name":"wp","href":"https:\/\/api.w.org\/{rel}","templated":true}]}}